r of 659541042 and 486?
162
What is the highest common factor of 626944699 and 293?
293
Calculate the greatest common divisor of 9301 and 68251.
131
What is the highest common divisor of 137025 and 49792275?
6525
Calculate the greatest common factor of 58340691 and 27.
9
What is the highest common factor of 48136 and 250526?
1094
Calculate the highest common divisor of 272223525 and 15.
15
What is the highest common factor of 2928 and 46224336?
2928
Calculate the highest common factor of 3737 and 2474197.
101
Calculate the greatest common factor of 1596763 and 686.
49
What is the highest common divisor of 37151 and 145403?
97
Calculate the highest common factor of 1799 and 11487.
7
What is the highest common divisor of 669367212 and 24?
12
Calculate the highest common factor of 52677900 and 4896.
612
What is the greatest common divisor of 64516 and 9852?
4
Calculate the highest common divisor of 759932038 and 1542.
514
What is the greatest common divisor of 153972 and 3603600?
3276
What is the greatest common factor of 235 and 295315?
5
Calculate the greatest common divisor of 86221 and 243246.
571
Calculate the highest common factor of 22942626 and 4494.
42
What is the highest common divisor of 237154605 and 14024?
1753
What is the greatest common divisor of 88 and 26396018?
22
Calculate the greatest common divisor of 97707211 and 119.
119
Calculate the highest common divisor of 14010 and 4335.
15
What is the highest common divisor of 16 and 100025?
1
What is the greatest common divisor of 288 and 35135808?
96
Calculate the greatest common divisor of 1960 and 14805.
35
What is the highest common factor of 3392 and 3880024?
424
Calculate the greatest common divisor of 87603911 and 705.
47
Calculate the highest common factor of 20539 and 265926.
1081
What is the highest common factor of 346278933 and 9?
9
What is the greatest common divisor of 190 and 27091891?
19
What is the greatest common factor of 1668946 and 574?
82
Calculate the highest common factor of 160023 and 615.
123
What is the greatest common divisor of 5495315 and 31520?
985
Calculate the highest common divisor of 269575007 and 117.
13
Calculate the greatest common divisor of 13193 and 5357026.
167
What is the highest common factor of 20388 and 4758?
6
What is the highest common divisor of 1562 and 1617522?
142
Calculate the highest common factor of 563833 and 6055421.
661
What is the highest common divisor of 7552744 and 248?
8
Calculate the greatest common factor of 38548036 and 47348.
6764
Calculate the greatest common factor of 385545 and 2250.
15
Calculate the highest common factor of 5548 and 2633020.
76
Calculate the highest common factor of 132069 and 76.
19
What is the greatest common divisor of 152133 and 71763?
57
Calculate the highest common factor of 28559232 and 26.
26
What is the greatest common factor of 6008622 and 732?
366
What is the greatest common factor of 34200 and 293688?
72
Calculate the greatest common divisor of 377294 and 5964.
142
Calculate the highest common factor of 20 and 12502612.
4
Calculate the highest common factor of 16500 and 4474875.
375
What is the highest common factor of 8 and 8102224?
8
Calculate the highest common divisor of 13725 and 49079075.
1525
Calculate the greatest common factor of 11950 and 316350.
50
What is the greatest common factor of 476136 and 86?
2
What is the highest common factor of 529062105 and 2535?
2535
Calculate the highest common divisor of 2398 and 87327966.
2398
Calculate the highest common divisor of 329898416 and 48.
16
What is the greatest common factor of 5540670 and 10080?
90
What is the greatest common factor of 719 and 31780519?
719
Calculate the greatest common divisor of 3180 and 1340264.
212
Calculate the greatest common factor of 1957202 and 468.
26
Calculate the greatest common factor of 17986 and 1388441.
391
Calculate the greatest common divisor of 1248 and 20474064.
624
Calculate the greatest common divisor of 3 and 76219971.
3
Calculate the highest common factor of 2892160 and 3200.
640
Calculate the greatest common factor of 254234 and 10778.
634
What is the greatest common divisor of 3789285 and 775?
155
Calculate the greatest common factor of 9 and 56103363.
9
What is the highest common divisor of 5399977 and 6182?
3091
What is the greatest common divisor of 217731 and 168?
3
What is the greatest common factor of 351807864 and 3252?
3252
What is the highest common factor of 57 and 437803453?
19
Calculate the highest common factor of 347248883 and 19.
19
What is the greatest common factor of 2250 and 9002250?
2250
What is the highest common factor of 3435 and 13173?
3
What is the greatest common factor of 396 and 28614366?
198
Calculate the greatest common factor of 2959297 and 2299.
121
Calculate the highest common divisor of 1866671281 and 34.
17
What is the greatest common factor of 812 and 2673524?
28
Calculate the highest common divisor of 62554352 and 672.
112
Calculate the greatest common divisor of 53599076 and 9462.
3154
What is the greatest common divisor of 59038050 and 300?
150
What is the highest common factor of 783 and 89201439?
27
What is the highest common divisor of 14248 and 181064?
104
Calculate the greatest common factor of 144487656 and 69.
69
What is the highest common factor of 5812778 and 174778?
5638
What is the highest common factor of 66907359 and 636?
159
Calculate the greatest common factor of 1412 and 81514054.
706
Calculate the greatest common factor of 1008603410 and 4660.
2330
What is the highest common divisor of 997344 and 336?
48
Calculate the highest common factor of 353700303 and 363.
363
What is the greatest common divisor of 22 and 63839776?
22
Calculate the highest common divisor of 2307135545 and 4730.
2365
What is the greatest common factor of 51757 and 165564?
73
Calculate the highest common divisor of 5719 and 119988705.
817
What is the highest common divisor of 11045 and 404247?
2209
Calculate the highest common factor of 3501342 and 27716.
338
What is the highest common factor of 5106 and 595534906?
1702
What is the greatest common factor of 390 and 390694070?
130
Calculate the greatest common factor of 719721 and 100056.
1137
What is the highest common factor of 677333371 and 598?
299
What is the highest common factor of 18890 and 1930?
10
What is the highest common divisor of 100738 and 74822?
418
Calculate the highest common divisor of 18766212 and 24.
12
What is the highest common divisor of 15361380 and 324?
108
Calculate the highest common factor of 160 and 372714304.
32
What is the highest common factor of 32430791 and 6331?
487
What is the greatest common factor of 1280205 and 162405?
405
What is the greatest common divisor of 6429248 and 8001?
889
What is the greatest common factor of 1563526 and 16281954?
8186
What is the highest common divisor of 415421200 and 48?
16
What is the highest common divisor of 4087062 and 504?
126
What is the highest common factor of 176946 and 19261?
11
Calculate the greatest common factor of 5928 and 442711932.
2964
What is the greatest common factor of 7566 and 423579?
39
Calculate the highest common factor of 8625 and 75003.
69
Calculate the greatest common factor of 23755 and 564935.
5
What is the highest common divisor of 104 and 134455139?
13
Calculate the greatest common factor of 1305 and 3643386.
87
What is the greatest common divisor of 11350 and 53050?
50
What is the highest common divisor of 18865450 and 107202?
2102
What is the greatest common divisor of 53331 and 155089?
613
What is the highest common divisor of 61727 and 67293323?
3631
What is the greatest common factor of 926249 and 5890?
31
What is the greatest common factor of 999783 and 63?
9
What is the highest common divisor of 54 and 967938687?
27
Calculate the highest common divisor of 113706837 and 9.
9
Calculate the greatest common factor of 5696 and 427180064.
2848
Calculate the highest common factor of 554697553 and 10253.
10253
What is the highest common divisor of 14205003 and 5883?
111
Calculate the greatest common divisor of 138301471 and 33.
11
What is the highest common factor of 2145 and 4453251?
33
What is the highest common divisor of 3167725 and 152075?
275
Calculate the greatest common divisor of 244479 and 21111.
